{"id":32,"date":"2023-10-18T14:23:48","date_gmt":"2023-10-18T17:23:48","guid":{"rendered":"https:\/\/100anossemrui.casaruibarbosa.gov.br\/?page_id=32"},"modified":"2023-11-06T17:00:28","modified_gmt":"2023-11-06T20:00:28","slug":"inicio","status":"publish","type":"page","link":"https:\/\/100anossemrui.casaruibarbosa.gov.br\/","title":{"rendered":"Inicio"},"content":{"rendered":"<h1>100 anos depois&#8230;<\/h1>\n<p>&nbsp;<\/p>\n<p>A publica\u00e7\u00e3o do <em>site<\/em> &#8220;Rui, 100 anos depois&#8230;&#8221; em 2023 \u00e9 mais uma homenagem da Funda\u00e7\u00e3o Casa de Rui Barbosa a seu patrono, por ocasi\u00e3o do centen\u00e1rio de sua morte.<\/p>\n<p>Homenageamos tamb\u00e9m Angelo Venosa (respons\u00e1vel pelo desenvolvimento e pelo <em>design<\/em> do site) e Rejane M. Moreira de A. Magalh\u00e3es (que orientou a pesquisa para a produ\u00e7\u00e3o do conte\u00fado). A edi\u00e7\u00e3o original, de 2003, que n\u00e3o foi ao ar, seria &#8220;Rui, 80 anos depois&#8230;&#8221;.<\/p>\n<p>A produ\u00e7\u00e3o do conte\u00fado foi realizada pela pesquisadora Soraia Farias Reolon, do Setor Ruiano, que continuou seu trabalho e complementou a pesquisa, principalmente sobre publica\u00e7\u00f5es na imprensa e eventos gravados por conta dos 100 anos sem Rui Barbosa, neste ano de 2023. A atualiza\u00e7\u00e3o tecnol\u00f3gica do <em>site<\/em> coube a Vitor Silveira Pereira, a quem agradecemos.<\/p>\n","protected":false},"excerpt":{"rendered":"<p>100 anos depois&#8230; &nbsp; A publica\u00e7\u00e3o do site &#8220;Rui, 100 anos depois&#8230;&#8221; em 2023 \u00e9 mais uma homenagem da Funda\u00e7\u00e3o Casa de Rui Barbosa a seu patrono, por ocasi\u00e3o do centen\u00e1rio de sua morte. Homenageamos tamb\u00e9m Angelo Venosa (respons\u00e1vel pelo desenvolvimento e pelo design do site) e Rejane M. Moreira de A. Magalh\u00e3es (que orientou [&hellip;]<\/p>\n","protected":false},"author":1,"featured_media":0,"parent":0,"menu_order":0,"comment_status":"closed","ping_status":"closed","template":"","meta":{"footnotes":""},"class_list":["post-32","page","type-page","status-publish","hentry"],"_links":{"self":[{"href":"https:\/\/100anossemrui.casaruibarbosa.gov.br\/index.php?rest_route=\/wp\/v2\/pages\/32","targetHints":{"allow":["GET"]}}],"collection":[{"href":"https:\/\/100anossemrui.casaruibarbosa.gov.br\/index.php?rest_route=\/wp\/v2\/pages"}],"about":[{"href":"https:\/\/100anossemrui.casaruibarbosa.gov.br\/index.php?rest_route=\/wp\/v2\/types\/page"}],"author":[{"embeddable":true,"href":"https:\/\/100anossemrui.casaruibarbosa.gov.br\/index.php?rest_route=\/wp\/v2\/users\/1"}],"replies":[{"embeddable":true,"href":"https:\/\/100anossemrui.casaruibarbosa.gov.br\/index.php?rest_route=%2Fwp%2Fv2%2Fcomments&post=32"}],"version-history":[{"count":15,"href":"https:\/\/100anossemrui.casaruibarbosa.gov.br\/index.php?rest_route=\/wp\/v2\/pages\/32\/revisions"}],"predecessor-version":[{"id":750,"href":"https:\/\/100anossemrui.casaruibarbosa.gov.br\/index.php?rest_route=\/wp\/v2\/pages\/32\/revisions\/750"}],"wp:attachment":[{"href":"https:\/\/100anossemrui.casaruibarbosa.gov.br\/index.php?rest_route=%2Fwp%2Fv2%2Fmedia&parent=32"}],"curies":[{"name":"wp","href":"https:\/\/api.w.org\/{rel}","templated":true}]}}

<h1>100 anos depois&#8230;</h1>
<p>&nbsp;</p>
<p>A publicação do <em>site</em> &#8220;Rui, 100 anos depois&#8230;&#8221; em 2023 é mais uma homenagem da Fundação Casa de Rui Barbosa a seu patrono, por ocasião do centenário de sua morte.</p>
<p>Homenageamos também Angelo Venosa (responsável pelo desenvolvimento e pelo <em>design</em> do site) e Rejane M. Moreira de A. Magalhães (que orientou a pesquisa para a produção do conteúdo). A edição original, de 2003, que não foi ao ar, seria &#8220;Rui, 80 anos depois&#8230;&#8221;.</p>
<p>A produção do conteúdo foi realizada pela pesquisadora Soraia Farias Reolon, do Setor Ruiano, que continuou seu trabalho e complementou a pesquisa, principalmente sobre publicações na imprensa e eventos gravados por conta dos 100 anos sem Rui Barbosa, neste ano de 2023. A atualização tecnológica do <em>site</em> coube a Vitor Silveira Pereira, a quem agradecemos.</p>

<p>100 anos depois&#8230; &nbsp; A publicação do site &#8220;Rui, 100 anos depois&#8230;&#8221; em 2023 é mais uma homenagem da Fundação Casa de Rui Barbosa a seu patrono, por ocasião do centenário de sua morte. Homenageamos também Angelo Venosa (responsável pelo desenvolvimento e pelo design do site) e Rejane M. Moreira de A. Magalhães (que orientou [&hellip;]</p>
