{"id":420,"date":"2023-10-24T08:47:13","date_gmt":"2023-10-24T11:47:13","guid":{"rendered":"https:\/\/100anossemrui.casaruibarbosa.gov.br\/?page_id=420"},"modified":"2023-10-24T09:12:12","modified_gmt":"2023-10-24T12:12:12","slug":"eventos-do-dia-4-de-maio-de-2023","status":"publish","type":"page","link":"https:\/\/100anossemrui.casaruibarbosa.gov.br\/?page_id=420","title":{"rendered":"Evento do dia 4 de maio de 2023"},"content":{"rendered":"<h1 class=\"wp-block-heading\">100 anos depois&#8230;<\/h1>\r\n<!-- \/wp:post-content -->\r\n\r\n<!-- wp:heading {\"level\":3} -->\r\n<h3 class=\"wp-block-heading\">Evento do dia 4 de maio de 2023<\/h3>\r\n<!-- \/wp:heading -->\r\n\r\n<!-- wp:paragraph -->\r\n<p><strong>Mesa-redonda na ABL:<\/strong> <strong>&#8220;Rui Barbosa &#8211; Pol\u00eamicas republicanas: um debate&#8221;<\/strong><\/p>\r\n<!-- \/wp:paragraph -->\r\n\r\n<!-- wp:paragraph -->\r\n<p>Com a participa\u00e7\u00e3o do pesquisador da FCRB Christian Lynch<\/p>\r\n<p><a href=\"https:\/\/www.academia.org.br\/noticias\/abl-promove-segunda-mesa-redonda-em-homenagem-ao-centenario-de-rui-barbosa\" target=\"_blank\" rel=\"noopener\">https:\/\/www.academia.org.br\/noticias\/abl-promove-segunda-mesa-redonda-em-homenagem-ao-centenario-de-rui-barbosa<\/a><\/p>\r\n<p><iframe title=\"Rui Barbosa: Pol\u00eamicas republicanas - Um debate\" width=\"800\" height=\"450\" src=\"https:\/\/www.youtube.com\/embed\/qePqEbU8yoE?feature=oembed\" frameborder=\"0\" allow=\"accelerometer; autoplay; clipboard-write; encrypted-media; gyroscope; picture-in-picture; web-share\" allowfullscreen><\/iframe><\/p>","protected":false},"excerpt":{"rendered":"<p>100 anos depois&#8230; Evento do dia 4 de maio de 2023 Mesa-redonda na ABL: &#8220;Rui Barbosa &#8211; Pol\u00eamicas republicanas: um debate&#8221; Com a participa\u00e7\u00e3o do pesquisador da FCRB Christian Lynch https:\/\/www.academia.org.br\/noticias\/abl-promove-segunda-mesa-redonda-em-homenagem-ao-centenario-de-rui-barbosa<\/p>\n","protected":false},"author":3,"featured_media":0,"parent":0,"menu_order":0,"comment_status":"closed","ping_status":"closed","template":"","meta":{"footnotes":""},"class_list":["post-420","page","type-page","status-publish","hentry"],"_links":{"self":[{"href":"https:\/\/100anossemrui.casaruibarbosa.gov.br\/index.php?rest_route=\/wp\/v2\/pages\/420","targetHints":{"allow":["GET"]}}],"collection":[{"href":"https:\/\/100anossemrui.casaruibarbosa.gov.br\/index.php?rest_route=\/wp\/v2\/pages"}],"about":[{"href":"https:\/\/100anossemrui.casaruibarbosa.gov.br\/index.php?rest_route=\/wp\/v2\/types\/page"}],"author":[{"embeddable":true,"href":"https:\/\/100anossemrui.casaruibarbosa.gov.br\/index.php?rest_route=\/wp\/v2\/users\/3"}],"replies":[{"embeddable":true,"href":"https:\/\/100anossemrui.casaruibarbosa.gov.br\/index.php?rest_route=%2Fwp%2Fv2%2Fcomments&post=420"}],"version-history":[{"count":7,"href":"https:\/\/100anossemrui.casaruibarbosa.gov.br\/index.php?rest_route=\/wp\/v2\/pages\/420\/revisions"}],"predecessor-version":[{"id":448,"href":"https:\/\/100anossemrui.casaruibarbosa.gov.br\/index.php?rest_route=\/wp\/v2\/pages\/420\/revisions\/448"}],"wp:attachment":[{"href":"https:\/\/100anossemrui.casaruibarbosa.gov.br\/index.php?rest_route=%2Fwp%2Fv2%2Fmedia&parent=420"}],"curies":[{"name":"wp","href":"https:\/\/api.w.org\/{rel}","templated":true}]}}

<h1 class="wp-block-heading">100 anos depois&#8230;</h1>
<!-- /wp:post-content -->

<!-- wp:heading {"level":3} -->
<h3 class="wp-block-heading">Evento do dia 4 de maio de 2023</h3>
<!-- /wp:heading -->

<!-- wp:paragraph -->
<p><strong>Mesa-redonda na ABL:</strong> <strong>&#8220;Rui Barbosa &#8211; Polêmicas republicanas: um debate&#8221;</strong></p>
<!-- /wp:paragraph -->

<!-- wp:paragraph -->
<p>Com a participação do pesquisador da FCRB Christian Lynch</p>
<p><a href="https://www.academia.org.br/noticias/abl-promove-segunda-mesa-redonda-em-homenagem-ao-centenario-de-rui-barbosa" target="_blank" rel="noopener">https://www.academia.org.br/noticias/abl-promove-segunda-mesa-redonda-em-homenagem-ao-centenario-de-rui-barbosa</a></p>
<p><iframe title="Rui Barbosa: Polêmicas republicanas - Um debate" width="800" height="450" src="https://www.youtube.com/embed/qePqEbU8yoE?feature=oembed" frameborder="0" allow="accelerometer; autoplay; clipboard-write; encrypted-media; gyroscope; picture-in-picture; web-share" allowfullscreen></iframe></p>

<p>100 anos depois&#8230; Evento do dia 4 de maio de 2023 Mesa-redonda na ABL: &#8220;Rui Barbosa &#8211; Polêmicas republicanas: um debate&#8221; Com a participação do pesquisador da FCRB Christian Lynch https://www.academia.org.br/noticias/abl-promove-segunda-mesa-redonda-em-homenagem-ao-centenario-de-rui-barbosa</p>
