{"id":438,"date":"2023-10-24T09:11:46","date_gmt":"2023-10-24T12:11:46","guid":{"rendered":"https:\/\/100anossemrui.casaruibarbosa.gov.br\/?page_id=438"},"modified":"2023-10-31T09:52:49","modified_gmt":"2023-10-31T12:52:49","slug":"evento-do-dia-7-de-junho-de-2023","status":"publish","type":"page","link":"https:\/\/100anossemrui.casaruibarbosa.gov.br\/?page_id=438","title":{"rendered":"Evento do dia 7 de junho de 2023"},"content":{"rendered":"<h1 class=\"wp-block-heading\">100 anos depois&#8230;<\/h1>\r\n<!-- \/wp:post-content -->\r\n\r\n<!-- wp:heading {\"level\":3} -->\r\n<h3 class=\"wp-block-heading\">Evento do dia 7 de junho de 2023<\/h3>\r\n<!-- \/wp:heading -->\r\n\r\n<!-- wp:paragraph -->\r\n<p><strong>Evento da Emerj: Semin\u00e1rio e mostra de acervo hist\u00f3rico de Rui Barbosa no Museu da Justi\u00e7a do Rio de Janeiro<\/strong><\/p>\r\n<!-- \/wp:paragraph -->\r\n\r\n<!-- wp:paragraph -->\r\n<p>&#8220;Os 100 anos do falecimento de Rui Barbosa e mostra do seu acervo hist\u00f3rico com curadoria de J\u00e9ssica Moraes Tavares&#8221;.<\/p>\r\n<p>Evento com a participa\u00e7\u00e3o do pesquisador da FCRB Christian Lynch.<\/p>\r\n<p><a href=\"https:\/\/www.tjrj.jus.br\/web\/guest\/noticias\/noticia\/-\/visualizar-conteudo\/5111210\/212635518\" target=\"_blank\" rel=\"noopener\">https:\/\/www.tjrj.jus.br\/web\/guest\/noticias\/noticia\/-\/visualizar-conteudo\/5111210\/212635518<\/a><\/p>\r\n<p><iframe title=\"OS 100 ANOS DO FALECIMENTO DE RUI BARBOSA\" width=\"800\" height=\"450\" src=\"https:\/\/www.youtube.com\/embed\/idyLd4CntIo?feature=oembed\" frameborder=\"0\" allow=\"accelerometer; autoplay; clipboard-write; encrypted-media; gyroscope; picture-in-picture; web-share\" allowfullscreen><\/iframe><\/p>","protected":false},"excerpt":{"rendered":"<p>100 anos depois&#8230; Evento do dia 7 de junho de 2023 Evento da Emerj: Semin\u00e1rio e mostra de acervo hist\u00f3rico de Rui Barbosa no Museu da Justi\u00e7a do Rio de Janeiro &#8220;Os 100 anos do falecimento de Rui Barbosa e mostra do seu acervo hist\u00f3rico com curadoria de J\u00e9ssica Moraes Tavares&#8221;. Evento com a participa\u00e7\u00e3o [&hellip;]<\/p>\n","protected":false},"author":3,"featured_media":0,"parent":0,"menu_order":0,"comment_status":"closed","ping_status":"closed","template":"","meta":{"footnotes":""},"class_list":["post-438","page","type-page","status-publish","hentry"],"_links":{"self":[{"href":"https:\/\/100anossemrui.casaruibarbosa.gov.br\/index.php?rest_route=\/wp\/v2\/pages\/438","targetHints":{"allow":["GET"]}}],"collection":[{"href":"https:\/\/100anossemrui.casaruibarbosa.gov.br\/index.php?rest_route=\/wp\/v2\/pages"}],"about":[{"href":"https:\/\/100anossemrui.casaruibarbosa.gov.br\/index.php?rest_route=\/wp\/v2\/types\/page"}],"author":[{"embeddable":true,"href":"https:\/\/100anossemrui.casaruibarbosa.gov.br\/index.php?rest_route=\/wp\/v2\/users\/3"}],"replies":[{"embeddable":true,"href":"https:\/\/100anossemrui.casaruibarbosa.gov.br\/index.php?rest_route=%2Fwp%2Fv2%2Fcomments&post=438"}],"version-history":[{"count":11,"href":"https:\/\/100anossemrui.casaruibarbosa.gov.br\/index.php?rest_route=\/wp\/v2\/pages\/438\/revisions"}],"predecessor-version":[{"id":684,"href":"https:\/\/100anossemrui.casaruibarbosa.gov.br\/index.php?rest_route=\/wp\/v2\/pages\/438\/revisions\/684"}],"wp:attachment":[{"href":"https:\/\/100anossemrui.casaruibarbosa.gov.br\/index.php?rest_route=%2Fwp%2Fv2%2Fmedia&parent=438"}],"curies":[{"name":"wp","href":"https:\/\/api.w.org\/{rel}","templated":true}]}}

<h1 class="wp-block-heading">100 anos depois&#8230;</h1>
<!-- /wp:post-content -->

<!-- wp:heading {"level":3} -->
<h3 class="wp-block-heading">Evento do dia 7 de junho de 2023</h3>
<!-- /wp:heading -->

<!-- wp:paragraph -->
<p><strong>Evento da Emerj: Seminário e mostra de acervo histórico de Rui Barbosa no Museu da Justiça do Rio de Janeiro</strong></p>
<!-- /wp:paragraph -->

<!-- wp:paragraph -->
<p>&#8220;Os 100 anos do falecimento de Rui Barbosa e mostra do seu acervo histórico com curadoria de Jéssica Moraes Tavares&#8221;.</p>
<p>Evento com a participação do pesquisador da FCRB Christian Lynch.</p>
<p><a href="https://www.tjrj.jus.br/web/guest/noticias/noticia/-/visualizar-conteudo/5111210/212635518" target="_blank" rel="noopener">https://www.tjrj.jus.br/web/guest/noticias/noticia/-/visualizar-conteudo/5111210/212635518</a></p>
<p><iframe title="OS 100 ANOS DO FALECIMENTO DE RUI BARBOSA" width="800" height="450" src="https://www.youtube.com/embed/idyLd4CntIo?feature=oembed" frameborder="0" allow="accelerometer; autoplay; clipboard-write; encrypted-media; gyroscope; picture-in-picture; web-share" allowfullscreen></iframe></p>

<p>100 anos depois&#8230; Evento do dia 7 de junho de 2023 Evento da Emerj: Seminário e mostra de acervo histórico de Rui Barbosa no Museu da Justiça do Rio de Janeiro &#8220;Os 100 anos do falecimento de Rui Barbosa e mostra do seu acervo histórico com curadoria de Jéssica Moraes Tavares&#8221;. Evento com a participação [&hellip;]</p>
