{"id":459,"date":"2023-10-24T09:28:37","date_gmt":"2023-10-24T12:28:37","guid":{"rendered":"https:\/\/100anossemrui.casaruibarbosa.gov.br\/?page_id=459"},"modified":"2023-10-25T10:28:05","modified_gmt":"2023-10-25T13:28:05","slug":"evento-do-dia-12-de-julho-de-2023","status":"publish","type":"page","link":"https:\/\/100anossemrui.casaruibarbosa.gov.br\/?page_id=459","title":{"rendered":"Evento do dia 12 de julho de 2023"},"content":{"rendered":"<h1 class=\"wp-block-heading\">100 anos depois&#8230;<\/h1>\r\n<!-- \/wp:post-content -->\r\n\r\n<!-- wp:heading {\"level\":3} -->\r\n<h3 class=\"wp-block-heading\">Evento do dia 12 de julho de 2023<\/h3>\r\n<!-- \/wp:heading -->\r\n\r\n<!-- wp:paragraph -->\r\n<p><strong>Sess\u00e3o de homenagem a Rui Barbosa no centen\u00e1rio de seu falecimento &#8211; CEPHAS &#8211; IHGB:<\/strong><\/p>\r\n<!-- \/wp:paragraph -->\r\n\r\n<!-- wp:paragraph -->\r\n<p>Participa\u00e7\u00e3o dos pesquisadores da FCRB Christian Lynch e Jos\u00e9 Almino de Alencar<\/p>\r\n<p><iframe title=\"CEPHAS - 12\/07\/2023 - S\u00f3cios Titulares Jos\u00e9 Almino de Alencar e Christian Lynch\" width=\"800\" height=\"450\" src=\"https:\/\/www.youtube.com\/embed\/7ieLNfWMMb4?feature=oembed\" frameborder=\"0\" allow=\"accelerometer; autoplay; clipboard-write; encrypted-media; gyroscope; picture-in-picture; web-share\" allowfullscreen><\/iframe><\/p>","protected":false},"excerpt":{"rendered":"<p>100 anos depois&#8230; Evento do dia 12 de julho de 2023 Sess\u00e3o de homenagem a Rui Barbosa no centen\u00e1rio de seu falecimento &#8211; CEPHAS &#8211; IHGB: Participa\u00e7\u00e3o dos pesquisadores da FCRB Christian Lynch e Jos\u00e9 Almino de Alencar<\/p>\n","protected":false},"author":3,"featured_media":0,"parent":0,"menu_order":0,"comment_status":"closed","ping_status":"closed","template":"","meta":{"footnotes":""},"class_list":["post-459","page","type-page","status-publish","hentry"],"_links":{"self":[{"href":"https:\/\/100anossemrui.casaruibarbosa.gov.br\/index.php?rest_route=\/wp\/v2\/pages\/459","targetHints":{"allow":["GET"]}}],"collection":[{"href":"https:\/\/100anossemrui.casaruibarbosa.gov.br\/index.php?rest_route=\/wp\/v2\/pages"}],"about":[{"href":"https:\/\/100anossemrui.casaruibarbosa.gov.br\/index.php?rest_route=\/wp\/v2\/types\/page"}],"author":[{"embeddable":true,"href":"https:\/\/100anossemrui.casaruibarbosa.gov.br\/index.php?rest_route=\/wp\/v2\/users\/3"}],"replies":[{"embeddable":true,"href":"https:\/\/100anossemrui.casaruibarbosa.gov.br\/index.php?rest_route=%2Fwp%2Fv2%2Fcomments&post=459"}],"version-history":[{"count":4,"href":"https:\/\/100anossemrui.casaruibarbosa.gov.br\/index.php?rest_route=\/wp\/v2\/pages\/459\/revisions"}],"predecessor-version":[{"id":564,"href":"https:\/\/100anossemrui.casaruibarbosa.gov.br\/index.php?rest_route=\/wp\/v2\/pages\/459\/revisions\/564"}],"wp:attachment":[{"href":"https:\/\/100anossemrui.casaruibarbosa.gov.br\/index.php?rest_route=%2Fwp%2Fv2%2Fmedia&parent=459"}],"curies":[{"name":"wp","href":"https:\/\/api.w.org\/{rel}","templated":true}]}}

<h1 class="wp-block-heading">100 anos depois&#8230;</h1>
<!-- /wp:post-content -->

<!-- wp:heading {"level":3} -->
<h3 class="wp-block-heading">Evento do dia 12 de julho de 2023</h3>
<!-- /wp:heading -->

<!-- wp:paragraph -->
<p><strong>Sessão de homenagem a Rui Barbosa no centenário de seu falecimento &#8211; CEPHAS &#8211; IHGB:</strong></p>
<!-- /wp:paragraph -->

<!-- wp:paragraph -->
<p>Participação dos pesquisadores da FCRB Christian Lynch e José Almino de Alencar</p>
<p><iframe title="CEPHAS - 12/07/2023 - Sócios Titulares José Almino de Alencar e Christian Lynch" width="800" height="450" src="https://www.youtube.com/embed/7ieLNfWMMb4?feature=oembed" frameborder="0" allow="accelerometer; autoplay; clipboard-write; encrypted-media; gyroscope; picture-in-picture; web-share" allowfullscreen></iframe></p>

<p>100 anos depois&#8230; Evento do dia 12 de julho de 2023 Sessão de homenagem a Rui Barbosa no centenário de seu falecimento &#8211; CEPHAS &#8211; IHGB: Participação dos pesquisadores da FCRB Christian Lynch e José Almino de Alencar</p>
