{"id":473,"date":"2023-10-24T09:41:28","date_gmt":"2023-10-24T12:41:28","guid":{"rendered":"https:\/\/100anossemrui.casaruibarbosa.gov.br\/?page_id=473"},"modified":"2023-11-01T09:57:11","modified_gmt":"2023-11-01T12:57:11","slug":"estadao","status":"publish","type":"page","link":"https:\/\/100anossemrui.casaruibarbosa.gov.br\/?page_id=473","title":{"rendered":"Estad\u00e3o"},"content":{"rendered":"<h1>100 anos depois&#8230;<\/h1>\n<p>&nbsp;<\/p>\n<h3>Estad\u00e3o<\/h3>\n<h4>&#8220;Quem foi Rui Barbosa e como seu pensamento sobrevive 100 anos ap\u00f3s sua morte&#8221;<\/h4>\n<p>Com a participa\u00e7\u00e3o dos pesquisadores da FCRB Christian Lynch e Soraia Farias Reolon.<\/p>\n<p><a href=\"https:\/\/100anossemrui.casaruibarbosa.gov.br\/wp-content\/uploads\/2023\/10\/Rui-Barbosa-veja-ideias-frases-e-trajetoria-do-jurista-e-politico-cuja-morte-f.pdf\" target=\"_blank\" rel=\"noopener\">Acesse a mat\u00e9ria em pdf aqui.<\/a><\/p>\n","protected":false},"excerpt":{"rendered":"<p>100 anos depois&#8230; &nbsp; Estad\u00e3o &#8220;Quem foi Rui Barbosa e como seu pensamento sobrevive 100 anos ap\u00f3s sua morte&#8221; Com a participa\u00e7\u00e3o dos pesquisadores da FCRB Christian Lynch e Soraia Farias Reolon. Acesse a mat\u00e9ria em pdf aqui.<\/p>\n","protected":false},"author":3,"featured_media":0,"parent":0,"menu_order":0,"comment_status":"closed","ping_status":"closed","template":"","meta":{"footnotes":""},"class_list":["post-473","page","type-page","status-publish","hentry"],"_links":{"self":[{"href":"https:\/\/100anossemrui.casaruibarbosa.gov.br\/index.php?rest_route=\/wp\/v2\/pages\/473","targetHints":{"allow":["GET"]}}],"collection":[{"href":"https:\/\/100anossemrui.casaruibarbosa.gov.br\/index.php?rest_route=\/wp\/v2\/pages"}],"about":[{"href":"https:\/\/100anossemrui.casaruibarbosa.gov.br\/index.php?rest_route=\/wp\/v2\/types\/page"}],"author":[{"embeddable":true,"href":"https:\/\/100anossemrui.casaruibarbosa.gov.br\/index.php?rest_route=\/wp\/v2\/users\/3"}],"replies":[{"embeddable":true,"href":"https:\/\/100anossemrui.casaruibarbosa.gov.br\/index.php?rest_route=%2Fwp%2Fv2%2Fcomments&post=473"}],"version-history":[{"count":6,"href":"https:\/\/100anossemrui.casaruibarbosa.gov.br\/index.php?rest_route=\/wp\/v2\/pages\/473\/revisions"}],"predecessor-version":[{"id":739,"href":"https:\/\/100anossemrui.casaruibarbosa.gov.br\/index.php?rest_route=\/wp\/v2\/pages\/473\/revisions\/739"}],"wp:attachment":[{"href":"https:\/\/100anossemrui.casaruibarbosa.gov.br\/index.php?rest_route=%2Fwp%2Fv2%2Fmedia&parent=473"}],"curies":[{"name":"wp","href":"https:\/\/api.w.org\/{rel}","templated":true}]}}

Estadão

<h1>100 anos depois&#8230;</h1>
<p>&nbsp;</p>
<h3>Estadão</h3>
<h4>&#8220;Quem foi Rui Barbosa e como seu pensamento sobrevive 100 anos após sua morte&#8221;</h4>
<p>Com a participação dos pesquisadores da FCRB Christian Lynch e Soraia Farias Reolon.</p>
<p><a href="https://100anossemrui.casaruibarbosa.gov.br/wp-content/uploads/2023/10/Rui-Barbosa-veja-ideias-frases-e-trajetoria-do-jurista-e-politico-cuja-morte-f.pdf" target="_blank" rel="noopener">Acesse a matéria em pdf aqui.</a></p>

<p>100 anos depois&#8230; &nbsp; Estadão &#8220;Quem foi Rui Barbosa e como seu pensamento sobrevive 100 anos após sua morte&#8221; Com a participação dos pesquisadores da FCRB Christian Lynch e Soraia Farias Reolon. Acesse a matéria em pdf aqui.</p>
