{"id":586,"date":"2023-10-25T11:53:26","date_gmt":"2023-10-25T14:53:26","guid":{"rendered":"https:\/\/100anossemrui.casaruibarbosa.gov.br\/?page_id=586"},"modified":"2023-11-06T16:42:03","modified_gmt":"2023-11-06T19:42:03","slug":"trecho-sobre-a-abolicao-da-escravidao-e-suas-sequelas","status":"publish","type":"page","link":"https:\/\/100anossemrui.casaruibarbosa.gov.br\/?page_id=586","title":{"rendered":"Trecho sobre a aboli\u00e7\u00e3o da escravid\u00e3o e suas sequelas"},"content":{"rendered":"<p style=\"text-align: center;\"><strong>Aboli\u00e7\u00e3o<\/strong><\/p>\n<p>\u201cDeclarar abolida a escravid\u00e3o \u00e9 dar apenas meia liberdade aos escravos. A parte mais dif\u00edcil e mais importante da elimina\u00e7\u00e3o do jugo servil consiste na reden\u00e7\u00e3o intelectual do liberto, na sua educa\u00e7\u00e3o para o reg\u00edmen da vida civil pela escola e pelo trabalho.\u201d<\/p>\n<p>[<em>Queda do Imp\u00e9rio<\/em>. <em>Di\u00e1rio de Not\u00edcias<\/em>. Rio de Janeiro: Minist\u00e9rio da Educa\u00e7\u00e3o e Sa\u00fade, 1944. p. 121. (Obras Completas de Rui Barbosa, v. 16, t. 3, 1889).]<\/p>\n<p><img decoding=\"async\" class=\"alignnone size-full wp-image-54 aligncenter\" src=\"https:\/\/100anossemrui.casaruibarbosa.gov.br\/wp-content\/uploads\/2023\/10\/assrb.gif\" alt=\"\" width=\"120\" height=\"30\" \/><\/p>\n<p>&nbsp;<\/p>\n<p style=\"text-align: center;\" data-wp-editing=\"1\"><a href=\"https:\/\/100anossemrui.casaruibarbosa.gov.br\/?page_id=28\"><img decoding=\"async\" class=\"alignnone wp-image-607\" src=\"https:\/\/100anossemrui.casaruibarbosa.gov.br\/wp-content\/uploads\/2023\/10\/voltar-300x300.png\" alt=\"\" width=\"40\" height=\"40\" srcset=\"https:\/\/100anossemrui.casaruibarbosa.gov.br\/wp-content\/uploads\/2023\/10\/voltar-300x300.png 300w, https:\/\/100anossemrui.casaruibarbosa.gov.br\/wp-content\/uploads\/2023\/10\/voltar-150x150.png 150w, https:\/\/100anossemrui.casaruibarbosa.gov.br\/wp-content\/uploads\/2023\/10\/voltar.png 512w\" sizes=\"(max-width: 40px) 100vw, 40px\" \/><\/a><br \/>\n<a href=\"https:\/\/100anossemrui.casaruibarbosa.gov.br\/?page_id=28\">Voltar<\/a><\/p>\n","protected":false},"excerpt":{"rendered":"<p>Aboli\u00e7\u00e3o \u201cDeclarar abolida a escravid\u00e3o \u00e9 dar apenas meia liberdade aos escravos. A parte mais dif\u00edcil e mais importante da elimina\u00e7\u00e3o do jugo servil consiste na reden\u00e7\u00e3o intelectual do liberto, na sua educa\u00e7\u00e3o para o reg\u00edmen da vida civil pela escola e pelo trabalho.\u201d [Queda do Imp\u00e9rio. Di\u00e1rio de Not\u00edcias. Rio de Janeiro: Minist\u00e9rio da [&hellip;]<\/p>\n","protected":false},"author":3,"featured_media":0,"parent":0,"menu_order":0,"comment_status":"closed","ping_status":"closed","template":"","meta":{"footnotes":""},"class_list":["post-586","page","type-page","status-publish","hentry"],"_links":{"self":[{"href":"https:\/\/100anossemrui.casaruibarbosa.gov.br\/index.php?rest_route=\/wp\/v2\/pages\/586","targetHints":{"allow":["GET"]}}],"collection":[{"href":"https:\/\/100anossemrui.casaruibarbosa.gov.br\/index.php?rest_route=\/wp\/v2\/pages"}],"about":[{"href":"https:\/\/100anossemrui.casaruibarbosa.gov.br\/index.php?rest_route=\/wp\/v2\/types\/page"}],"author":[{"embeddable":true,"href":"https:\/\/100anossemrui.casaruibarbosa.gov.br\/index.php?rest_route=\/wp\/v2\/users\/3"}],"replies":[{"embeddable":true,"href":"https:\/\/100anossemrui.casaruibarbosa.gov.br\/index.php?rest_route=%2Fwp%2Fv2%2Fcomments&post=586"}],"version-history":[{"count":9,"href":"https:\/\/100anossemrui.casaruibarbosa.gov.br\/index.php?rest_route=\/wp\/v2\/pages\/586\/revisions"}],"predecessor-version":[{"id":742,"href":"https:\/\/100anossemrui.casaruibarbosa.gov.br\/index.php?rest_route=\/wp\/v2\/pages\/586\/revisions\/742"}],"wp:attachment":[{"href":"https:\/\/100anossemrui.casaruibarbosa.gov.br\/index.php?rest_route=%2Fwp%2Fv2%2Fmedia&parent=586"}],"curies":[{"name":"wp","href":"https:\/\/api.w.org\/{rel}","templated":true}]}}

Trecho sobre a abolição da escravidão e suas sequelas

<p style="text-align: center;"><strong>Abolição</strong></p>
<p>“Declarar abolida a escravidão é dar apenas meia liberdade aos escravos. A parte mais difícil e mais importante da eliminação do jugo servil consiste na redenção intelectual do liberto, na sua educação para o regímen da vida civil pela escola e pelo trabalho.”</p>
<p>[<em>Queda do Império</em>. <em>Diário de Notícias</em>. Rio de Janeiro: Ministério da Educação e Saúde, 1944. p. 121. (Obras Completas de Rui Barbosa, v. 16, t. 3, 1889).]</p>
<p><img decoding="async" class="alignnone size-full wp-image-54 aligncenter" src="https://100anossemrui.casaruibarbosa.gov.br/wp-content/uploads/2023/10/assrb.gif" alt="" width="120" height="30" /></p>
<p>&nbsp;</p>
<p style="text-align: center;" data-wp-editing="1"><a href="https://100anossemrui.casaruibarbosa.gov.br/?page_id=28"><img decoding="async" class="alignnone wp-image-607" src="https://100anossemrui.casaruibarbosa.gov.br/wp-content/uploads/2023/10/voltar-300x300.png" alt="" width="40" height="40" srcset="https://100anossemrui.casaruibarbosa.gov.br/wp-content/uploads/2023/10/voltar-300x300.png 300w, https://100anossemrui.casaruibarbosa.gov.br/wp-content/uploads/2023/10/voltar-150x150.png 150w, https://100anossemrui.casaruibarbosa.gov.br/wp-content/uploads/2023/10/voltar.png 512w" sizes="(max-width: 40px) 100vw, 40px" /></a><br />
<a href="https://100anossemrui.casaruibarbosa.gov.br/?page_id=28">Voltar</a></p>

<p>Abolição “Declarar abolida a escravidão é dar apenas meia liberdade aos escravos. A parte mais difícil e mais importante da eliminação do jugo servil consiste na redenção intelectual do liberto, na sua educação para o regímen da vida civil pela escola e pelo trabalho.” [Queda do Império. Diário de Notícias. Rio de Janeiro: Ministério da [&hellip;]</p>
