{"id":592,"date":"2023-10-25T11:58:11","date_gmt":"2023-10-25T14:58:11","guid":{"rendered":"https:\/\/100anossemrui.casaruibarbosa.gov.br\/?page_id=592"},"modified":"2023-11-06T16:43:05","modified_gmt":"2023-11-06T19:43:05","slug":"trecho-sobre-a-guerra-e-a-paz-a-igualdade-politica-entre-as-nacoes","status":"publish","type":"page","link":"https:\/\/100anossemrui.casaruibarbosa.gov.br\/?page_id=592","title":{"rendered":"Trecho sobre a guerra e a paz &#8211; a igualdade pol\u00edtica entre as na\u00e7\u00f5es"},"content":{"rendered":"<p style=\"text-align: center;\"><strong>A guerra e a paz<\/strong><br \/>\n<strong>A igualdade jur\u00eddica entre as na\u00e7\u00f5es<\/strong><\/p>\n<p>&#8220;A for\u00e7a, ou se chame legal, ou se chame ditadura \u00e9 sempre ef\u00eamera; s\u00f3 o que sobrevive a todas as cat\u00e1strofes s\u00e3o os princ\u00edpios que n\u00f3s estamos esquecendo. A paz \u00e9 a garantia desses princ\u00edpios, mas a paz associada \u00e0s condi\u00e7\u00f5es que a tornam digna, porque a defini\u00e7\u00e3o da paz continua a ser hoje, depois de 19 s\u00e9culos, aquela que foi dada no tempo de T\u00e1cito <b>\u2014<\/b> a paz \u00e9 a liberdade tranquila.&#8221;<\/p>\n<p>[Discursos parlamentares. <em>Trabalhos jur\u00eddicos<\/em>. Rio de Janeiro: Minist\u00e9rio da Educa\u00e7\u00e3o e Sa\u00fade, 1952. p. 20. (Obras Completas de Rui Barbosa, v. 22, t. 1, 1895).]<\/p>\n<p>&nbsp;<\/p>\n<p>&#8220;Querer a paz \u00e9 prevenir a guerra; e esta, modernamente, n\u00e3o \u00e9 uma expectativa abstrata, mas um conjunto pr\u00e1tico de recursos definidos, hip\u00f3teses previstas e planos estudados.\u201d<\/p>\n<p>[<em>Cartas de Inglaterra<\/em>. Rio de Janeiro: Minist\u00e9rio da Educa\u00e7\u00e3o e Sa\u00fade, 1946. p. 161. (Obras Completas de Rui Barbosa, v. 23, t. 1, 1896).]<\/p>\n<p><img decoding=\"async\" class=\"alignnone size-full wp-image-54 aligncenter\" src=\"https:\/\/100anossemrui.casaruibarbosa.gov.br\/wp-content\/uploads\/2023\/10\/assrb.gif\" alt=\"\" width=\"120\" height=\"30\" \/><\/p>\n<p>&nbsp;<\/p>\n<p style=\"text-align: center;\" data-wp-editing=\"1\"><a href=\"https:\/\/100anossemrui.casaruibarbosa.gov.br\/?page_id=28\"><img decoding=\"async\" class=\"alignnone wp-image-607\" src=\"https:\/\/100anossemrui.casaruibarbosa.gov.br\/wp-content\/uploads\/2023\/10\/voltar-300x300.png\" alt=\"\" width=\"40\" height=\"40\" srcset=\"https:\/\/100anossemrui.casaruibarbosa.gov.br\/wp-content\/uploads\/2023\/10\/voltar-300x300.png 300w, https:\/\/100anossemrui.casaruibarbosa.gov.br\/wp-content\/uploads\/2023\/10\/voltar-150x150.png 150w, https:\/\/100anossemrui.casaruibarbosa.gov.br\/wp-content\/uploads\/2023\/10\/voltar.png 512w\" sizes=\"(max-width: 40px) 100vw, 40px\" \/><\/a><br \/>\n<a href=\"https:\/\/100anossemrui.casaruibarbosa.gov.br\/?page_id=28\">Voltar<\/a><\/p>\n","protected":false},"excerpt":{"rendered":"<p>A guerra e a paz A igualdade jur\u00eddica entre as na\u00e7\u00f5es &#8220;A for\u00e7a, ou se chame legal, ou se chame ditadura \u00e9 sempre ef\u00eamera; s\u00f3 o que sobrevive a todas as cat\u00e1strofes s\u00e3o os princ\u00edpios que n\u00f3s estamos esquecendo. A paz \u00e9 a garantia desses princ\u00edpios, mas a paz associada \u00e0s condi\u00e7\u00f5es que a tornam [&hellip;]<\/p>\n","protected":false},"author":3,"featured_media":0,"parent":0,"menu_order":0,"comment_status":"closed","ping_status":"closed","template":"","meta":{"footnotes":""},"class_list":["post-592","page","type-page","status-publish","hentry"],"_links":{"self":[{"href":"https:\/\/100anossemrui.casaruibarbosa.gov.br\/index.php?rest_route=\/wp\/v2\/pages\/592","targetHints":{"allow":["GET"]}}],"collection":[{"href":"https:\/\/100anossemrui.casaruibarbosa.gov.br\/index.php?rest_route=\/wp\/v2\/pages"}],"about":[{"href":"https:\/\/100anossemrui.casaruibarbosa.gov.br\/index.php?rest_route=\/wp\/v2\/types\/page"}],"author":[{"embeddable":true,"href":"https:\/\/100anossemrui.casaruibarbosa.gov.br\/index.php?rest_route=\/wp\/v2\/users\/3"}],"replies":[{"embeddable":true,"href":"https:\/\/100anossemrui.casaruibarbosa.gov.br\/index.php?rest_route=%2Fwp%2Fv2%2Fcomments&post=592"}],"version-history":[{"count":14,"href":"https:\/\/100anossemrui.casaruibarbosa.gov.br\/index.php?rest_route=\/wp\/v2\/pages\/592\/revisions"}],"predecessor-version":[{"id":744,"href":"https:\/\/100anossemrui.casaruibarbosa.gov.br\/index.php?rest_route=\/wp\/v2\/pages\/592\/revisions\/744"}],"wp:attachment":[{"href":"https:\/\/100anossemrui.casaruibarbosa.gov.br\/index.php?rest_route=%2Fwp%2Fv2%2Fmedia&parent=592"}],"curies":[{"name":"wp","href":"https:\/\/api.w.org\/{rel}","templated":true}]}}

Trecho sobre a guerra e a paz &#8211; a igualdade política entre as nações

<p style="text-align: center;"><strong>A guerra e a paz</strong><br />
<strong>A igualdade jurídica entre as nações</strong></p>
<p>&#8220;A força, ou se chame legal, ou se chame ditadura é sempre efêmera; só o que sobrevive a todas as catástrofes são os princípios que nós estamos esquecendo. A paz é a garantia desses princípios, mas a paz associada às condições que a tornam digna, porque a definição da paz continua a ser hoje, depois de 19 séculos, aquela que foi dada no tempo de Tácito <b>—</b> a paz é a liberdade tranquila.&#8221;</p>
<p>[Discursos parlamentares. <em>Trabalhos jurídicos</em>. Rio de Janeiro: Ministério da Educação e Saúde, 1952. p. 20. (Obras Completas de Rui Barbosa, v. 22, t. 1, 1895).]</p>
<p>&nbsp;</p>
<p>&#8220;Querer a paz é prevenir a guerra; e esta, modernamente, não é uma expectativa abstrata, mas um conjunto prático de recursos definidos, hipóteses previstas e planos estudados.”</p>
<p>[<em>Cartas de Inglaterra</em>. Rio de Janeiro: Ministério da Educação e Saúde, 1946. p. 161. (Obras Completas de Rui Barbosa, v. 23, t. 1, 1896).]</p>
<p><img decoding="async" class="alignnone size-full wp-image-54 aligncenter" src="https://100anossemrui.casaruibarbosa.gov.br/wp-content/uploads/2023/10/assrb.gif" alt="" width="120" height="30" /></p>
<p>&nbsp;</p>
<p style="text-align: center;" data-wp-editing="1"><a href="https://100anossemrui.casaruibarbosa.gov.br/?page_id=28"><img decoding="async" class="alignnone wp-image-607" src="https://100anossemrui.casaruibarbosa.gov.br/wp-content/uploads/2023/10/voltar-300x300.png" alt="" width="40" height="40" srcset="https://100anossemrui.casaruibarbosa.gov.br/wp-content/uploads/2023/10/voltar-300x300.png 300w, https://100anossemrui.casaruibarbosa.gov.br/wp-content/uploads/2023/10/voltar-150x150.png 150w, https://100anossemrui.casaruibarbosa.gov.br/wp-content/uploads/2023/10/voltar.png 512w" sizes="(max-width: 40px) 100vw, 40px" /></a><br />
<a href="https://100anossemrui.casaruibarbosa.gov.br/?page_id=28">Voltar</a></p>

<p>A guerra e a paz A igualdade jurídica entre as nações &#8220;A força, ou se chame legal, ou se chame ditadura é sempre efêmera; só o que sobrevive a todas as catástrofes são os princípios que nós estamos esquecendo. A paz é a garantia desses princípios, mas a paz associada às condições que a tornam [&hellip;]</p>
