{"id":598,"date":"2023-10-25T15:25:08","date_gmt":"2023-10-25T18:25:08","guid":{"rendered":"https:\/\/100anossemrui.casaruibarbosa.gov.br\/?page_id=598"},"modified":"2023-11-06T16:43:42","modified_gmt":"2023-11-06T19:43:42","slug":"trechos-de-os-conceitos-modernos-do-direito-internacional-2","status":"publish","type":"page","link":"https:\/\/100anossemrui.casaruibarbosa.gov.br\/?page_id=598","title":{"rendered":"Trechos de &#8220;Os Conceitos Modernos do Direito Internacional&#8221;"},"content":{"rendered":"<p style=\"text-align: center;\"><strong>\u201cOs tribunais, a opini\u00e3o p\u00fablica, a consci\u00eancia, n\u00e3o s\u00e3o neutros entre a lei e o crime.\u201d<\/strong><\/p>\n<p>BARBOSA, Rui.\u00a0<em>Os Conceitos Modernos do Direito Internacional<\/em>. Rio: FCRB, 1983, p. 54.<\/p>\n<p>\u201cA militariza\u00e7\u00e3o das pot\u00eancias divide o mundo em na\u00e7\u00f5es de presa e na\u00e7\u00f5es de pasto, umas constitu\u00eddas para a soberania e a rapina, outras para a servid\u00e3o e a carni\u00e7a. A pol\u00edtica da guerra \u00e9 a agress\u00e3o organizada quaerens quem devoret.<br \/>\nMas \u00e9 na guerra preventiva, inven\u00e7\u00e3o digna da barb\u00e1rie destilada pela cultura, que se manifesta seu car\u00e1ter superlativamente agressivo. Um pa\u00eds declara guerra ao outro, invade-o e devasta-o, ainda que dele n\u00e3o haja recebido ofensa alguma e apenas se defenda do invasor depois da invas\u00e3o. Mas nem por isso se excedeu. Estava no seu direito; fez muito bem; porque l\u00e1 tinha ele suas raz\u00f5es para crer que, caso n\u00e3o se antecipasse, outros pa\u00edses, seus inimigos, se lhe adiantariam no ocupar o territ\u00f3rio daquele. \u00c9 como se eu me apoderasse da casa do vizinho e a incendiasse, por acreditar que outro da vizinhan\u00e7a, se eu me n\u00e3o apressasse em queim\u00e1-la, se anteciparia a mim na consuma\u00e7\u00e3o desse atentado. Tal escusa, entre indiv\u00edduos, n\u00e3o livraria o criminoso da responsabilidade e do c\u00e1rcere, sen\u00e3o da morte. Entre na\u00e7\u00f5es, por\u00e9m, \u00e9 a base de uma teoria, o fundamento de uma generaliza\u00e7\u00e3o, a justifica\u00e7\u00e3o de uma lei nova.\u201d<\/p>\n<p>BARBOSA, Rui.\u00a0<em>Os Conceitos Modernos do Direito Internacional.<\/em>\u00a0Rio: : FCRB, 1983, p. 43.<\/p>\n<p><img decoding=\"async\" class=\"alignnone size-full wp-image-54 aligncenter\" src=\"https:\/\/100anossemrui.casaruibarbosa.gov.br\/wp-content\/uploads\/2023\/10\/assrb.gif\" alt=\"\" width=\"120\" height=\"30\" \/><\/p>\n<p>&nbsp;<\/p>\n<p style=\"text-align: center;\" data-wp-editing=\"1\"><a href=\"https:\/\/100anossemrui.casaruibarbosa.gov.br\/?page_id=28\"><img decoding=\"async\" class=\"alignnone wp-image-607\" src=\"https:\/\/100anossemrui.casaruibarbosa.gov.br\/wp-content\/uploads\/2023\/10\/voltar-300x300.png\" alt=\"\" width=\"40\" height=\"40\" srcset=\"https:\/\/100anossemrui.casaruibarbosa.gov.br\/wp-content\/uploads\/2023\/10\/voltar-300x300.png 300w, https:\/\/100anossemrui.casaruibarbosa.gov.br\/wp-content\/uploads\/2023\/10\/voltar-150x150.png 150w, https:\/\/100anossemrui.casaruibarbosa.gov.br\/wp-content\/uploads\/2023\/10\/voltar.png 512w\" sizes=\"(max-width: 40px) 100vw, 40px\" \/><\/a><br \/>\n<a href=\"https:\/\/100anossemrui.casaruibarbosa.gov.br\/?page_id=28\">Voltar<\/a><\/p>\n","protected":false},"excerpt":{"rendered":"<p>\u201cOs tribunais, a opini\u00e3o p\u00fablica, a consci\u00eancia, n\u00e3o s\u00e3o neutros entre a lei e o crime.\u201d BARBOSA, Rui.\u00a0Os Conceitos Modernos do Direito Internacional. Rio: FCRB, 1983, p. 54. \u201cA militariza\u00e7\u00e3o das pot\u00eancias divide o mundo em na\u00e7\u00f5es de presa e na\u00e7\u00f5es de pasto, umas constitu\u00eddas para a soberania e a rapina, outras para a servid\u00e3o [&hellip;]<\/p>\n","protected":false},"author":3,"featured_media":0,"parent":0,"menu_order":0,"comment_status":"closed","ping_status":"closed","template":"","meta":{"footnotes":""},"class_list":["post-598","page","type-page","status-publish","hentry"],"_links":{"self":[{"href":"https:\/\/100anossemrui.casaruibarbosa.gov.br\/index.php?rest_route=\/wp\/v2\/pages\/598","targetHints":{"allow":["GET"]}}],"collection":[{"href":"https:\/\/100anossemrui.casaruibarbosa.gov.br\/index.php?rest_route=\/wp\/v2\/pages"}],"about":[{"href":"https:\/\/100anossemrui.casaruibarbosa.gov.br\/index.php?rest_route=\/wp\/v2\/types\/page"}],"author":[{"embeddable":true,"href":"https:\/\/100anossemrui.casaruibarbosa.gov.br\/index.php?rest_route=\/wp\/v2\/users\/3"}],"replies":[{"embeddable":true,"href":"https:\/\/100anossemrui.casaruibarbosa.gov.br\/index.php?rest_route=%2Fwp%2Fv2%2Fcomments&post=598"}],"version-history":[{"count":2,"href":"https:\/\/100anossemrui.casaruibarbosa.gov.br\/index.php?rest_route=\/wp\/v2\/pages\/598\/revisions"}],"predecessor-version":[{"id":745,"href":"https:\/\/100anossemrui.casaruibarbosa.gov.br\/index.php?rest_route=\/wp\/v2\/pages\/598\/revisions\/745"}],"wp:attachment":[{"href":"https:\/\/100anossemrui.casaruibarbosa.gov.br\/index.php?rest_route=%2Fwp%2Fv2%2Fmedia&parent=598"}],"curies":[{"name":"wp","href":"https:\/\/api.w.org\/{rel}","templated":true}]}}

<p style="text-align: center;"><strong>“Os tribunais, a opinião pública, a consciência, não são neutros entre a lei e o crime.”</strong></p>
<p>BARBOSA, Rui. <em>Os Conceitos Modernos do Direito Internacional</em>. Rio: FCRB, 1983, p. 54.</p>
<p>“A militarização das potências divide o mundo em nações de presa e nações de pasto, umas constituídas para a soberania e a rapina, outras para a servidão e a carniça. A política da guerra é a agressão organizada quaerens quem devoret.<br />
Mas é na guerra preventiva, invenção digna da barbárie destilada pela cultura, que se manifesta seu caráter superlativamente agressivo. Um país declara guerra ao outro, invade-o e devasta-o, ainda que dele não haja recebido ofensa alguma e apenas se defenda do invasor depois da invasão. Mas nem por isso se excedeu. Estava no seu direito; fez muito bem; porque lá tinha ele suas razões para crer que, caso não se antecipasse, outros países, seus inimigos, se lhe adiantariam no ocupar o território daquele. É como se eu me apoderasse da casa do vizinho e a incendiasse, por acreditar que outro da vizinhança, se eu me não apressasse em queimá-la, se anteciparia a mim na consumação desse atentado. Tal escusa, entre indivíduos, não livraria o criminoso da responsabilidade e do cárcere, senão da morte. Entre nações, porém, é a base de uma teoria, o fundamento de uma generalização, a justificação de uma lei nova.”</p>
<p>BARBOSA, Rui. <em>Os Conceitos Modernos do Direito Internacional.</em> Rio: : FCRB, 1983, p. 43.</p>
<p><img decoding="async" class="alignnone size-full wp-image-54 aligncenter" src="https://100anossemrui.casaruibarbosa.gov.br/wp-content/uploads/2023/10/assrb.gif" alt="" width="120" height="30" /></p>
<p>&nbsp;</p>
<p style="text-align: center;" data-wp-editing="1"><a href="https://100anossemrui.casaruibarbosa.gov.br/?page_id=28"><img decoding="async" class="alignnone wp-image-607" src="https://100anossemrui.casaruibarbosa.gov.br/wp-content/uploads/2023/10/voltar-300x300.png" alt="" width="40" height="40" srcset="https://100anossemrui.casaruibarbosa.gov.br/wp-content/uploads/2023/10/voltar-300x300.png 300w, https://100anossemrui.casaruibarbosa.gov.br/wp-content/uploads/2023/10/voltar-150x150.png 150w, https://100anossemrui.casaruibarbosa.gov.br/wp-content/uploads/2023/10/voltar.png 512w" sizes="(max-width: 40px) 100vw, 40px" /></a><br />
<a href="https://100anossemrui.casaruibarbosa.gov.br/?page_id=28">Voltar</a></p>

<p>“Os tribunais, a opinião pública, a consciência, não são neutros entre a lei e o crime.” BARBOSA, Rui. Os Conceitos Modernos do Direito Internacional. Rio: FCRB, 1983, p. 54. “A militarização das potências divide o mundo em nações de presa e nações de pasto, umas constituídas para a soberania e a rapina, outras para a servidão [&hellip;]</p>
