{"id":9,"date":"2023-10-18T14:12:21","date_gmt":"2023-10-18T17:12:21","guid":{"rendered":"https:\/\/100anossemrui.casaruibarbosa.gov.br\/?page_id=9"},"modified":"2023-10-27T10:21:44","modified_gmt":"2023-10-27T13:21:44","slug":"o-brasil-chora-por-rui","status":"publish","type":"page","link":"https:\/\/100anossemrui.casaruibarbosa.gov.br\/?page_id=9","title":{"rendered":"O Brasil chora por Rui"},"content":{"rendered":"<h1>100 anos depois&#8230;<\/h1>\n<p>&nbsp;<\/p>\n<h3>O Brasil chora por Rui<\/h3>\n<h4>Como\u00e7\u00e3o nacional e repercuss\u00e3o mundial<\/h4>\n<p>&nbsp;<\/p>\n<p>Na noite de 1 de mar\u00e7o de 1923, Rui Barbosa, ent\u00e3o com 73 anos, morre na sua casa em Petr\u00f3polis. O corpo \u00e9 levado num trem especial para o Rio de Janeiro e permanece em c\u00e2mara-ardente na Biblioteca Nacional. Nos ombros do povo, o esquife seguiu para o cemit\u00e9rio S\u00e3o Jo\u00e3o Batista, onde foi sepultado. V\u00e1rios pol\u00edticos e intelectuais discursaram em homenagem. Decretado luto oficial de tr\u00eas dias, aquele homem que jamais lograra ocupar o posto supremo da Na\u00e7\u00e3o recebe honras de chefe de Estado.<\/p>\n<p>Em 1949 seus restos mortais foram transladados para o Tribunal de Justi\u00e7a da Bahia, em Salvador \u2013 hoje F\u00f3rum Rui Barbosa.<\/p>\n<p>Entre 1849 a 1923, Rui Barbosa viveu um tempo interessante, rico em acontecimentos relevantes para a hist\u00f3ria do Brasil e para o mundo: a aboli\u00e7\u00e3o, a passagem de monarquia a Rep\u00fablica, a Primeira Guerra Mundial, as r\u00e1pidas transforma\u00e7\u00f5es da sociedade num mundo deslumbrado ante o progresso que chegava a passos largos. A nenhum desses acontecimentos Rui esteve alheio; de muitos, foi parte atuante.<\/p>\n<p>Por isso, sua morte causou como\u00e7\u00e3o nacional e teve repercuss\u00e3o mundial: manchetes e p\u00e1gina inteira em v\u00e1rios jornais, como o <em>The Times<\/em>, de Londres, que lhe dedicou um espa\u00e7o nunca antes concedido a qualquer estrangeiro, fotos de seu sepultamento estampadas em primeira p\u00e1gina, casas de espet\u00e1culos fechadas em todo o pa\u00eds atestaram a import\u00e2ncia desse grande brasileiro e o carinho de que era alvo por toda parte.<\/p>\n<p>Numa \u00e9poca em que as telecomunica\u00e7\u00f5es eram prec\u00e1rias, \u00e0 pequena Vila Elis\u00e1rio, a 500 km de S\u00e3o Paulo, a not\u00edcia de seu falecimento s\u00f3 chegaria com 15 dias de atraso. Mesmo assim, n\u00e3o passou em branco: foi feito um vel\u00f3rio simb\u00f3lico, com um retrato de Rui.<\/p>\n<p>No decorrer desses 100 anos sem Rui Barbosa, sua obra continua importante, lida e estudada. Sua vida de dedica\u00e7\u00e3o ao trabalho e \u00e0s causas nobres, um exemplo. Alegremo-nos.<\/p>\n","protected":false},"excerpt":{"rendered":"<p>100 anos depois&#8230; &nbsp; O Brasil chora por Rui Como\u00e7\u00e3o nacional e repercuss\u00e3o mundial &nbsp; Na noite de 1 de mar\u00e7o de 1923, Rui Barbosa, ent\u00e3o com 73 anos, morre na sua casa em Petr\u00f3polis. O corpo \u00e9 levado num trem especial para o Rio de Janeiro e permanece em c\u00e2mara-ardente na Biblioteca Nacional. Nos [&hellip;]<\/p>\n","protected":false},"author":1,"featured_media":0,"parent":0,"menu_order":0,"comment_status":"closed","ping_status":"closed","template":"","meta":{"footnotes":""},"class_list":["post-9","page","type-page","status-publish","hentry"],"_links":{"self":[{"href":"https:\/\/100anossemrui.casaruibarbosa.gov.br\/index.php?rest_route=\/wp\/v2\/pages\/9","targetHints":{"allow":["GET"]}}],"collection":[{"href":"https:\/\/100anossemrui.casaruibarbosa.gov.br\/index.php?rest_route=\/wp\/v2\/pages"}],"about":[{"href":"https:\/\/100anossemrui.casaruibarbosa.gov.br\/index.php?rest_route=\/wp\/v2\/types\/page"}],"author":[{"embeddable":true,"href":"https:\/\/100anossemrui.casaruibarbosa.gov.br\/index.php?rest_route=\/wp\/v2\/users\/1"}],"replies":[{"embeddable":true,"href":"https:\/\/100anossemrui.casaruibarbosa.gov.br\/index.php?rest_route=%2Fwp%2Fv2%2Fcomments&post=9"}],"version-history":[{"count":8,"href":"https:\/\/100anossemrui.casaruibarbosa.gov.br\/index.php?rest_route=\/wp\/v2\/pages\/9\/revisions"}],"predecessor-version":[{"id":652,"href":"https:\/\/100anossemrui.casaruibarbosa.gov.br\/index.php?rest_route=\/wp\/v2\/pages\/9\/revisions\/652"}],"wp:attachment":[{"href":"https:\/\/100anossemrui.casaruibarbosa.gov.br\/index.php?rest_route=%2Fwp%2Fv2%2Fmedia&parent=9"}],"curies":[{"name":"wp","href":"https:\/\/api.w.org\/{rel}","templated":true}]}}

<h1>100 anos depois&#8230;</h1>
<p>&nbsp;</p>
<h3>O Brasil chora por Rui</h3>
<h4>Comoção nacional e repercussão mundial</h4>
<p>&nbsp;</p>
<p>Na noite de 1 de março de 1923, Rui Barbosa, então com 73 anos, morre na sua casa em Petrópolis. O corpo é levado num trem especial para o Rio de Janeiro e permanece em câmara-ardente na Biblioteca Nacional. Nos ombros do povo, o esquife seguiu para o cemitério São João Batista, onde foi sepultado. Vários políticos e intelectuais discursaram em homenagem. Decretado luto oficial de três dias, aquele homem que jamais lograra ocupar o posto supremo da Nação recebe honras de chefe de Estado.</p>
<p>Em 1949 seus restos mortais foram transladados para o Tribunal de Justiça da Bahia, em Salvador – hoje Fórum Rui Barbosa.</p>
<p>Entre 1849 a 1923, Rui Barbosa viveu um tempo interessante, rico em acontecimentos relevantes para a história do Brasil e para o mundo: a abolição, a passagem de monarquia a República, a Primeira Guerra Mundial, as rápidas transformações da sociedade num mundo deslumbrado ante o progresso que chegava a passos largos. A nenhum desses acontecimentos Rui esteve alheio; de muitos, foi parte atuante.</p>
<p>Por isso, sua morte causou comoção nacional e teve repercussão mundial: manchetes e página inteira em vários jornais, como o <em>The Times</em>, de Londres, que lhe dedicou um espaço nunca antes concedido a qualquer estrangeiro, fotos de seu sepultamento estampadas em primeira página, casas de espetáculos fechadas em todo o país atestaram a importância desse grande brasileiro e o carinho de que era alvo por toda parte.</p>
<p>Numa época em que as telecomunicações eram precárias, à pequena Vila Elisário, a 500 km de São Paulo, a notícia de seu falecimento só chegaria com 15 dias de atraso. Mesmo assim, não passou em branco: foi feito um velório simbólico, com um retrato de Rui.</p>
<p>No decorrer desses 100 anos sem Rui Barbosa, sua obra continua importante, lida e estudada. Sua vida de dedicação ao trabalho e às causas nobres, um exemplo. Alegremo-nos.</p>

<p>100 anos depois&#8230; &nbsp; O Brasil chora por Rui Comoção nacional e repercussão mundial &nbsp; Na noite de 1 de março de 1923, Rui Barbosa, então com 73 anos, morre na sua casa em Petrópolis. O corpo é levado num trem especial para o Rio de Janeiro e permanece em câmara-ardente na Biblioteca Nacional. Nos [&hellip;]</p>
